28)/(-399) + t/(-7)?
0
Let d(r) = -3*r + r**2 + 3*r + 2*r**2 + 13*r + 9. What is the units digit of d(-7)?
5
Let r(i) be the second derivative of i**4/6 - 4*i**3 + 115*i**2/2 + 16*i. What is the hundreds digit of r(21)?
4
Suppose 21*l + 32*l + 128 = 21*l. Let q(m) = -41 - 12*m - m**2 + 3*m**2 + 6*m**2. What is the hundreds digit of q(l)?
1
Suppose 10*h - 3525 = 295. Suppose -3*v + h = 5*l, -12*v - 312 = -4*l - 8*v. What is the units digit of l?
7
Let r = -23 + 57. Let y(b) = 2*b**2 - 30*b + 154. What is the tens digit of y(r)?
4
Let x(q) = 2*q**2 + 12*q - 41. Let z be x(4). Suppose -5*u - 3*f = -99, z = 2*u + 13*f - 12*f. What is the units digit of u?
8
Suppose 0 = -3*c - 10 + 25. Suppose 11 = c*w - 14, -4*z = 5*w - 45. Suppose p = 5*l - 525, -z*p = 2*l - 195 - 15. What is the hundreds digit of l?
1
Suppose 13*z = -5*z + 54. Suppose -4*k + 2*m + 804 = -2914, -5*k + z*m = -4647. What is the tens digit of k?
3
Suppose -3*x + 12 = -5*x. Let k(q) = -28*q + 13. Let u(s) = 9*s - 4. Let h(d) = x*k(d) - 21*u(d). What is the units digit of h(-4)?
0
Suppose -2*n + 63 = 21. What is the units digit of 4291/n - 2/(-3)?
5
Suppose -n + 1 = -2. Suppose -2*i - n = -11. Suppose 5*m + 476 = i*p, 586 = 5*p - 6*m + 2*m. What is the tens digit of p?
1
Let f = -68 - -40. Let c = -23 - f. Suppose -4*z + 17 = -c*q, -4*q - 13 = -0*z - 3*z. What is the units digit of z?
3
Suppose -g + 13 = -28*n + 26*n, -5*n - 10 = 5*g. Suppose 3*l - 8 = 4. Suppose 5*z + 4 + 1 = 0, l*s + g*z - 45 = 0. What is the tens digit of s?
1
Let c(s) = s**2 + s + 27. Let v be c(0). Suppose 0*a - v = -3*a. Let h(o) = 10*o + 8. What is the tens digit of h(a)?
9
Suppose -2*z + y = 6*y - 10553, 2*y = -4*z + 21130. What is the thousands digit of z?
5
Suppose 0 = y - 5*i - 31400, -20*i - 16 = -22*i. What is the thousands digit of y?
1
Let d = 3992 - 1826. What is the units digit of d?
6
Let b = -20 - 406. Let s = 727 + b. What is the units digit of s?
1
Let z(w) = -2*w**3 - 14*w**2 - 38*w + 131. What is the hundreds digit of z(-19)?
5
Suppose -5*x + 229 + 76 = 0. Let l = 64 - x. Suppose 0 = q - j - 187 - 4, -l*j - 768 = -4*q. What is the hundreds digit of q?
1
Suppose 42 + 12 = 18*b. Suppose 0 = -2*m - w + 521, -b = w - 0. What is the units digit of m?
2
Suppose -r + 8*r - 28 = 0. Suppose -257 = -j + r*c, -5*c - 250 = 3*j - 1072. What is the units digit of j?
9
Let f(l) = -l**3 + 5*l**2 + 4*l - 10. Let v be f(6). Let m = v + 59. Suppose m = -8*r + 485. What is the tens digit of r?
5
Suppose -5*y = -0*t + 4*t - 871, 351 = 2*y - t. Suppose u - 5*i - 467 = 0, 0 = -2*u - 4*i - y + 1067. What is the hundreds digit of u?
4
Let r be (-1374 + (0 - 0))*105/(-42). Suppose 0 = 23*b - r - 5949. What is the units digit of b?
8
Let c(v) be the third derivative of v**5/60 - 5*v**4/12 - 3*v**3 + 3*v**2. Let b = 1219 + -1200. What is the tens digit of c(b)?
5
Let v = -9893 + 23184. What is the units digit of v?
1
Suppose -i - 15*u = -12082, 9*u + 20 = 4*u. What is the hundreds digit of i?
1
Let q = -50 - -41. Let u be q/15 - ((-18)/5 - 0). What is the tens digit of u/(4/((-116)/(-3)))?
2
Let s(w) = -3*w + 28. Let k be s(9). Let n be 1/(9/8 - k). Let d = 12 - n. What is the units digit of d?
4
Suppose 0 = 4*z - 9*z - 3320. Let d = z + 1212. Suppose 0 = -3*h - u + 666, -u = 2*h - d + 105. What is the units digit of h?
3
Let m be (1 + 767)*(-45)/(-54)*-4. Let x = m + 3749. What is the hundreds digit of x?
1
Suppose -g + 118 = -39. Suppose 11 = 12*p + 983. Let t = g + p. What is the units digit of t?
6
Suppose 11073 - 234929 = -34*u. What is the units digit of u?
4
Let i = 251 + -242. Let n(v) = -v**3 + 22*v**2 - 5*v - 41. What is the tens digit of n(i)?
6
Suppose -37968 = -66*k + 33*k + 29*k. What is the hundreds digit of k?
4
Suppose -4*u + 4*g + 500 = 0, -5*u + g + 3*g = -626. Suppose -a + u = -2*a - 2*i, -3*i = 4*a + 484. Let r = a + 213. What is the tens digit of r?
9
Let b = 2 + -4. Let o be 15/3*(b - -15). Suppose -6 = w + d - o, -2*w + d = -103. What is the tens digit of w?
5
Suppose -3*q + 5*q = 0. Suppose -5*a + 23 = t, 5*a - 33 + q = 4*t. What is the tens digit of (t - -72)*30/25?
8
Let t(q) = 2*q**2. Let j(u) = 34*u**2 - 5*u + 4. Let d(x) = j(x) + 3*t(x). What is the tens digit of d(3)?
4
Suppose 22 - 72 = -25*q. Suppose -2*k = 5*l - 4132, -2*l - k = q*k - 1644. What is the tens digit of l?
2
Let z(p) = p**2 + 10*p - 27. Let x be z(-13). Suppose -3*h = -x, 4*r + 2*h + 676 = 6*r. What is the units digit of r?
2
Suppose 3*h - 4 = 5. Let k be -2 + (-98)/(-6)*h. Suppose -k*s + 49*s = 54. What is the units digit of s?
7
Let l(f) = -5*f**3 - 17*f**2 - 137*f + 15. What is the units digit of l(-22)?
1
Let p(c) = 27*c - 49. Let m be p(2). What is the hundreds digit of (9/m)/((-3)/(-940))?
5
Let n be 18/12*4/(-3). Let s be n/8*-6*2. Suppose 0 = -s*k + 5*q + 256, 4*k = 2*k + 5*q + 169. What is the tens digit of k?
8
Suppose 0 = -5*p - 2*d + 99268, -3*d - 7992 = p - 27830. What is the thousands digit of p?
9
Suppose 2*k - q - 16 = 0, -26 = -2*k + 5*q + 6. Suppose -k*w + 3204 = -1200. What is the hundreds digit of w?
7
Suppose 3*y - 7*y - 2*d + 12 = 0, 3*y - 3*d - 9 = 0. Let z(v) = 40*v**2 - 16*v + 4. What is the tens digit of z(y)?
1
Let n(c) = -4*c**3 + 7*c**2 + 6*c + 6. Let r be n(-3). Suppose -3*o - 777 = -b - 4*b, 0 = -b - 3*o + r. What is the units digit of b?
6
Let v(x) = -10*x**3 + 5*x**2 + 25*x + 95. What is the tens digit of v(-18)?
8
Let d = -103 + 115. Suppose d*w - 811 = 1097. What is the units digit of w?
9
Suppose 3*p - 4*u + u - 126 = 0, -3*p = -4*u - 126. What is the hundreds digit of 1 - 4 - (p - 1437)?
3
Let a(n) = n**3 + 9*n**2 - n - 4. Let l be a(-9). Suppose 2389 = l*u - 4*t + 670, 0 = -3*u - 3*t + 1026. What is the hundreds digit of u?
3
Suppose -4*q = -3*s - 16163, 2*s = 3*q - 10029 - 2093. Suppose -4*p - q = -12*p. What is the hundreds digit of p?
5
Let f(w) = w**2 - 9*w + 13. Suppose 2*g = -2 - 2, 0 = -4*l - 4*g + 24. Let m be f(l). Suppose -m*a - 5*a = -1850. What is the tens digit of a?
8
Let v(z) = z**3 - 4*z**2 - 7*z - 9. Let s be v(6). Let h = 34 - s. Suppose -t = -15 + h. What is the units digit of t?
2
Let x(l) = -17*l - 2. Let o be x(-1). What is the units digit of (-991)/(-2) + -2 - o/30?
3
Let y = -1731 - -6884. What is the hundreds digit of y?
1
Let f = 9512 - 4528. What is the tens digit of f?
8
Let o = -3547 + 22761. What is the thousands digit of o?
9
Suppose -x = -5*x + 20. Suppose -x*h + 3*f + 25 = -0*f, f = -3*h + 1. Suppose h*b = 27 + 29. What is the units digit of b?
8
Suppose -4*s + 96 = 5*x - 0, -s - 3*x + 31 = 0. Let a(u) = u**2 - 12*u + 51. Let f be a(s). What is the units digit of -2 - (-5 - 4/(-1) - f)?
3
Let w = -51 + 53. Suppose 4*n = h - 123, n + 29 = -0*n + w*h. Let r = n + 54. What is the units digit of r?
3
Suppose -190*w + 18570 = -200*w. Let m = -1096 - w. What is the tens digit of m?
6
Let w(z) be the first derivative of -z**2 + 80*z - 25. What is the hundreds digit of w(-12)?
1
Let i = -32 + 167. Suppose 3*k = 3*p - i, -3*k - 170 = -4*p - 37. Let o = k - -75. What is the tens digit of o?
2
Let n = -4219 + 6661. What is the hundreds digit of n?
4
Suppose p + 3 = -4*w, 2*p + 2 = 2*w + 6. Let m(y) = -76*y**2 - 6*y + 1. Let z(h) = -77*h**2 - 5*h. Let q(g) = 2*m(g) - 3*z(g). What is the tens digit of q(w)?
7
Suppose -r = 4*r, -6 = -2*m - 2*r. Suppose -5*o + 0*o - 463 = -m*w, -448 = -3*w + 2*o. What is the tens digit of w?
4
Let u(j) = 867*j + 53. What is the hundreds digit of u(6)?
2
Suppose 79*f - 696565 + 676843 - 1328018 = 0. What is the hundreds digit of f?
0
Let f(i) = 172*i + 39. Let r(s) = -173*s - 38. Let b(o) = -4*f(o) - 5*r(o). What is the hundreds digit of b(2)?
3
Let v(g) = -24*g + 55. Let h be v(-24). Suppose -h = -6*b + 1295. What is the tens digit of b?
2
Let o(w) = -w**3 + w**2 + 4*w + 6. Let y be o(3). Suppose q - s - 4 = -y*q, -s - 4 = -2*q. Suppose -6*v + 0*v + 660 = q. What is the tens digit of v?
1
Suppose -h = 5*r - 1674, 3242 = 2*h + 2*r - 146. Suppose h = 5*s - 151. What is the tens digit of s?
7
Let k = -1397 + 919. Let p = k - -675. What is the tens digit of p?
9
Let v = -320 + 324. Suppose -4075 = -v*y + 5*i + 1301, 0 = -4*i + 16. What is the units digit of y?
9
Let m = -127 + 5207. What is the units digit of m?
0
Suppose 150*g = 2537839